at are the prime factors of 23732883?
3, 1543, 1709
List the prime factors of 581086.
2, 11, 61, 433
List the prime factors of 472319.
472319
List the prime factors of 385464.
2, 3, 16061
List the prime factors of 3185232.
2, 3, 66359
What are the prime factors of 116793?
3, 19, 683
List the prime factors of 2785365.
3, 5, 11, 17, 331
List the prime factors of 62510.
2, 5, 7, 19, 47
What are the prime factors of 168473?
19, 8867
List the prime factors of 3858936.
2, 3, 160789
What are the prime factors of 4266426?
2, 3, 67, 10613
List the prime factors of 208358.
2, 104179
List the prime factors of 104859.
3, 61, 191
What are the prime factors of 7673248?
2, 11, 21799
List the prime factors of 40194.
2, 3, 7, 11, 29
What are the prime factors of 969669?
3, 107741
List the prime factors of 106936.
2, 13367
List the prime factors of 1027542.
2, 3, 41, 4177
List the prime factors of 86102.
2, 43051
List the prime factors of 8180716.
2, 19, 107641
List the prime factors of 69345.
3, 5, 23, 67
List the prime factors of 47740.
2, 5, 7, 11, 31
What are the prime factors of 15313155?
3, 5, 11, 13, 59
What are the prime factors of 6585390?
2, 3, 5, 7, 10453
What are the prime factors of 183807?
3, 13, 1571
What are the prime factors of 178739?
11, 16249
What are the prime factors of 449237?
41, 10957
What are the prime factors of 32467237?
11, 23, 181, 709
What are the prime factors of 761087?
761087
List the prime factors of 588186.
2, 3, 41, 797
List the prime factors of 5726030.
2, 5, 19, 30137
What are the prime factors of 155843?
101, 1543
What are the prime factors of 3989254?
2, 17, 117331
List the prime factors of 30649586.
2, 11, 313, 4451
What are the prime factors of 4257172?
2, 43, 53, 467
List the prime factors of 1723213.
59, 29207
List the prime factors of 2150766.
2, 3, 39829
What are the prime factors of 1484462?
2, 7, 106033
What are the prime factors of 1160819?
11, 105529
List the prime factors of 281298.
2, 3, 173, 271
What are the prime factors of 2553166?
2, 7, 11, 59, 281
What are the prime factors of 376222?
2, 7, 11, 349
List the prime factors of 26784.
2, 3, 31
What are the prime factors of 506881?
31, 83, 197
What are the prime factors of 1281250?
2, 5, 41
List the prime factors of 2547699.
3, 7, 11, 41, 269
List the prime factors of 960703.
960703
What are the prime factors of 417516?
2, 3, 11, 3163
List the prime factors of 46675.
5, 1867
What are the prime factors of 70487?
70487
What are the prime factors of 2789223?
3, 929741
What are the prime factors of 891516?
2, 3, 74293
What are the prime factors of 328558?
2, 164279
List the prime factors of 83931.
3, 101, 277
What are the prime factors of 877401?
3, 7, 19, 733
List the prime factors of 500532.
2, 3, 53, 787
List the prime factors of 3648302.
2, 7, 17, 15329
What are the prime factors of 1225735?
5, 7, 5003
What are the prime factors of 7966622?
2, 1223, 3257
What are the prime factors of 1323020?
2, 5, 83, 797
List the prime factors of 11925783.
3, 139, 9533
What are the prime factors of 2625363?
3, 13, 19, 1181
What are the prime factors of 292142?
2, 43, 79
List the prime factors of 289049.
289049
What are the prime factors of 7922218?
2, 37, 107057
List the prime factors of 19654269.
3, 6551423
List the prime factors of 319563.
3, 35507
What are the prime factors of 245341?
23, 10667
What are the prime factors of 1036403?
23, 45061
List the prime factors of 3596447.
3596447
What are the prime factors of 510145?
5, 257, 397
What are the prime factors of 124979?
124979
List the prime factors of 17984793.
3, 17, 43, 59, 139
List the prime factors of 21467639.
21467639
What are the prime factors of 1458990?
2, 3, 5, 13, 29, 43
List the prime factors of 966801.
3, 11, 29297
List the prime factors of 2167113.
3, 13, 181, 307
List the prime factors of 4650245.
5, 139, 6691
List the prime factors of 959389.
959389
What are the prime factors of 652868?
2, 17, 9601
What are the prime factors of 1780569?
3, 7, 9421
List the prime factors of 3544090.
2, 5, 11, 29, 101
What are the prime factors of 1481695?
5, 401, 739
What are the prime factors of 212816?
2, 47, 283
What are the prime factors of 2112472?
2, 264059
What are the prime factors of 190197?
3, 7, 3019
List the prime factors of 305419.
305419
List the prime factors of 2049928.
2, 17, 15073
What are the prime factors of 266416?
2, 16651
What are the prime factors of 2050379?
991, 2069
List the prime factors of 2089536.
2, 3, 10883
What are the prime factors of 756515?
5, 151303
List the prime factors of 9878012.
2, 1531, 1613
List the prime factors of 1104275.
5, 44171
List the prime factors of 47995.
5, 29, 331
List the prime factors of 7678801.
13, 127, 4651
What are the prime factors of 2520773?
37, 193, 353
List the prime factors of 17465805.
3, 5, 7, 89
What are the prime factors of 4129301?
11, 375391
List the prime factors of 5408370.
2, 3, 5, 11, 607
List the prime factors of 3852498.
2, 3, 13, 49391
List the prime factors of 6294406.
2, 3147203
What are the prime factors of 593884?
2, 148471
What are the prime factors of 873521?
11, 79411
List the prime factors of 17728771.
43, 71, 5807
What are the prime factors of 270640?
2, 5, 17, 199
What are the prime factors of 749017?
43, 17419
What are the prime factors of 1954323?
3, 7, 67, 463
List the prime factors of 203908.
2, 19, 2683
List the prime factors of 109068.
2, 3, 61, 149
What are the prime factors of 7153084?
2, 1788271
List the prime factors of 4211235.
3, 5, 7, 29, 461
What are the prime factors of 6464033?
739, 8747
List the prime factors of 211481.
73, 2897
What are the prime factors of 244389?
3, 81463
List the prime factors of 15080332.
2, 3770083
List the prime factors of 5930743.
7, 13, 65173
List the prime factors of 81799.
81799
List the prime factors of 1600773.
3, 47, 11353
List the prime factors of 10540473.
3, 3513491
What are the prime factors of 69927?
3, 11, 13, 163
What are the prime factors of 94937?
139, 683
List the prime factors of 4886319.
3, 1628773
What are the prime factors of 2170368?
2, 3, 157
What are the prime factors of 17418360?
2, 3, 5, 23, 6311
What are the prime factors of 3269288?
2, 11, 97, 383
List the prime factors of 258898.
2, 129449
List the prime factors of 2264375.
5, 3623
List the prime factors of 241398.
2, 3, 13411
What are the prime factors of 206782?
2, 103391
List the prime factors of 133091.
7, 19013
What are the prime factors of 766772?
2, 191693
What are the prime factors of 255869?
255869
List the prime factors of 1085085.
3, 5, 24113
List the prime factors of 1935974.
2, 79, 12253
List the prime factors of 6478808.
2, 7, 115693
List the prime factors of 782898.
2, 3, 130483
List the prime factors of 5615055.
3, 5, 41593
What are the prime factors of 4278349?
4278349
List the prime factors of 1694984.
2, 211873
List the prime factors of 24975.
3, 5, 37
List the prime factors of 776379.
3, 137, 1889
What are the prime factors of 202303?
101, 2003
List the prime factors of 533674.
2, 266837
What are the prime factors of 33880161?
3, 7, 1129, 1429
What are the prime factors of 96913?
199, 487
What are the prime factors of 319155?
3, 5, 21277
List the prime factors of 5031551.
7, 113, 6361
What are the prime factors of 213981?
3, 71327
What are the prime factors of 1629807?
3, 17, 31957
What are the prime factors of 842017?
11, 41, 1867
List the prime factors of 11937167.
11, 1085197
What are the prime factors of 222961?
59, 3779
List the prime factors of 18253454.
2, 103, 88609
List the prime factors of 15767855.
5, 3153571
List the prime factors of 1895920.
2, 5, 13, 1823
List the prime factors of 6613415.
5, 311, 4253
What are the prime factors of 27261?
3, 13, 233
List the prime factors of 863887.
863887
List the prime factors of 18252735.
3, 5, 1216849
List the prime factors of 811428.
2, 3, 67619
List the prime factors of 27912646.
2, 457, 30539
What are the prime factors of 4896957?
3, 13, 307, 409
List the prime factors of 6376833.
3, 103, 2293
What are the prime factors of 8763794?
2, 13, 337069
List the prime factors of 727605.
3, 5, 19, 23, 37
List the prime factors of 463290.
2, 3, 5, 15443
What are the prime factors of 1002295?
5, 7, 4091
List the prime factors of 111679.
29, 385